 a = -319, r*a + a + 197 = 3*f. Suppose -4*h = -3*w + 95, 5*h + f = w + 14. What is the remainder when 74 is divided by w?
24
What is the remainder when (2/(-4))/(5/(-70)) is divided by 6?
1
Let s(i) = -4*i + 1. Suppose 3*k + 0*k = -3. Suppose -3*p = 595*w - 600*w + 72, 7*p = -w + 60. What is the remainder when w is divided by s(k)?
3
What is the remainder when 66 is divided by (5 + -3)/((-28)/(-406))?
8
Suppose -6*p - 104 - 472 = 0. Let f = p - -100. Calculate the remainder when 34 is divided by f.
2
Let l(w) be the first derivative of 2*w**3/3 + 3*w**2 - 8*w + 21. Calculate the remainder when 166 is divided by l(3).
26
What is the remainder when 61 is divided by (-55)/(-11) - (1 - 3)?
5
Let w be (-4)/10 + (-878)/5. What is the remainder when 79 is divided by (-4)/14 + (w/(-28) - -4)?
9
Let s = 109 - 19. Suppose 4*y - s = 10. What is the remainder when 73 is divided by y?
23
Suppose 6*x - 40 = 2*x. Suppose 0 = o - 5*p + 4 - 71, 177 = 3*o - 3*p. What is the remainder when 16/12*o/2 is divided by x?
8
Let s(a) = 2*a**2 + 6*a + 4. Let l be s(-4). Let v be 2/(-4) - (-2672)/(-32). Calculate the remainder when (l/(-8))/(2/v) is divided by 16.
15
Let l be 86/6 + (-14)/(-21). Suppose 0 = -0*a + 5*a - l. Let j(y) = y + 8. What is the remainder when a is divided by j(-5)?
0
Suppose 3*u = -k + 2, -4*k - 12 = -3*u + 10. Suppose h + 27 = 5*p, 2 = -2*h - u. What is the remainder when 16 is divided by p?
1
Let h = 39 + -21. Let w = -52 + 57. Suppose -r = -5*p + 47, w*p + 5*r + 16 = 81. Calculate the remainder when h is divided by p.
8
Let d be (-1 - 2) + -3 + 79. Let f = d - 51. What is the remainder when 32 is divided by f?
10
Let x = -43 + 46. What is the remainder when 30 is divided by x?
0
Suppose 5*a = -5*a - 170. Let o = a - -38. Calculate the remainder when 61 is divided by o.
19
Let h = -113 + 181. Let y = -66 + 74. Calculate the remainder when h is divided by y + 1071/72 + (-1)/(-8).
22
Suppose 2*s = -s + 255. Suppose -s - 10 = -5*y. Calculate the remainder when y is divided by (3 + 2)/(2/((-12)/(-5))).
1
Suppose 5*k = 14*k - 567. Suppose -i = i - 10. Calculate the remainder when i is divided by 57*3/k - (-2)/7.
2
Let z be (-8)/(-2) - (9 - (-20)/(-4)). Suppose 3*d + 2*x - 258 + 64 = z, 0 = 2*d - 2*x - 136. What is the remainder when d is divided by 17?
15
Let p = 18 - 4. Let w = -216 - -325. Suppose -3*h + 8 = -w. What is the remainder when h is divided by p?
11
Let a = -363 - -375. Let f = 9 + 11. Calculate the remainder when f is divided by a.
8
Suppose 25*p - 770 = 12105. Calculate the remainder when p is divided by 26.
21
Let t = -139 - -97. Let w = t + 69. What is the remainder when w is divided by 15?
12
Suppose -5*m - 273 = -2*t, -m - m + 438 = 3*t. Suppose -20 = -4*u, -2*l + 0*u + 49 = -5*u. Calculate the remainder when l is divided by (2 - t/15)*25/(-10).
18
Let s = 61 - 56. Suppose -s*g - 125 = -5*t, -t + 29 + 2 = 2*g. What is the remainder when 105 is divided by t?
24
Let c = -10 + 14. Suppose 4*y + 5*j - 46 = 2*j, -31 = -3*y - c*j. What is the remainder when (-3)/15 + (-232)/(-10) is divided by y?
10
Suppose -7 - 17 = -6*h. Suppose 9*k = h*k - 4*a + 87, 5*a + 10 = 0. What is the remainder when 94 is divided by k?
18
Suppose 0 = -16*l + 17*l - 5*u - 374, -5*u + 1371 = 4*l. Calculate the remainder when l is divided by 81.
25
Let m(h) = -h**2 + 16*h. Let y be m(16). Suppose y = -n + 6 - 2. Let z = -8 + 11. Calculate the remainder when n is divided by z.
1
Let p(u) = 2*u**2 - 7*u + 10. Let f be p(9). Suppose -3*h = 4 - f. Let s(t) = t + 4. What is the remainder when h is divided by s(5)?
8
Suppose 0 = -4*h + 2*h - 124. Suppose -j = -3*j + 16. What is the remainder when (-30)/(-20)*h/(-3) is divided by j?
7
Suppose 73*s = 70*s + 15. What is the remainder when 59 is divided by s?
4
Let j(r) = r**3 - 6*r**2 - 2*r + 1. Calculate the remainder when 143 is divided by j(7).
35
Suppose -15*c = 13*c - 1176. What is the remainder when 83 is divided by c?
41
Suppose 5 + 0 = v. Let c = -301 - -305. Calculate the remainder when -35*2*(-1)/v is divided by c.
2
Let v(f) = f + 24. Suppose -9*z + 72 = -4*k - 4*z, 4*z + 36 = -2*k. Calculate the remainder when 28 is divided by v(k).
4
Let d be ((-114)/22 - 4/(-22))/(-1). Suppose -2*o = 3*b - 212, -5*o = -4*o + d. What is the remainder when b is divided by 13?
9
Let x = 29 - -10. Suppose 4*f = x + 29. Let l = 36 + 14. Calculate the remainder when l is divided by f.
16
Suppose 42 = -2*t + t. Let g be (0 - t) + 3 + -3. Suppose 0 = 4*j + d - 200 + g, -d + 80 = 2*j. Calculate the remainder when j is divided by 10.
9
Let c be 2/(-5) - (0 + (-2364)/(-15)). What is the remainder when (c*(-2)/(-4))/(-1 - 0) is divided by 27?
25
Suppose 0 = -64*q + 54*q + 190. What is the remainder when 183 is divided by q?
12
Let m(h) = -5*h + 767. Calculate the remainder when m(0) is divided by 70.
67
Let x = 19 + -19. Suppose m + x*g - 17 = -g, -85 = -5*m - g. What is the remainder when 31 is divided by m?
14
Let b = 43 - 35. Let n(t) = -t**3 + 9*t**2 - 5*t - 15. Calculate the remainder when 79 is divided by n(b).
7
What is the remainder when -1 + (-22)/(-55) + (-1156)/(-10) is divided by 31?
22
Suppose 305 = 4*m + 45. Calculate the remainder when m is divided by 2/(-4)*2 + 34.
32
Suppose 0 = 4*o + 16, -s + 27 + 59 = -2*o. Suppose 0*t - s = -2*t. Calculate the remainder when t is divided by 10.
9
Let o(l) = -3*l**3 + 7*l**2 - 12*l - 6. Let s(z) = -4*z**3 + 8*z**2 - 13*z - 7. Let f(c) = -5*o(c) + 4*s(c). What is the remainder when f(-5) is divided by 7?
5
Let a(c) = -13*c - 12. What is the remainder when a(-2) is divided by 6?
2
Suppose 30*t - 64 = 26. Let a = 10 - 5. What is the remainder when a is divided by t?
2
Suppose -97 - 149 = -6*b. Calculate the remainder when 193 is divided by b.
29
Suppose -2*p - 4*g - 3 + 11 = 0, -4*g - 12 = -3*p. Let d = p + 8. Calculate the remainder when 46 is divided by d.
10
Let t(a) = 8*a + 2. Suppose -1 = -2*b - 37. Calculate the remainder when t(3) is divided by (-2*5/(-6))/((-3)/b).
6
Suppose 4*r + 0 + 24 = 0. What is the remainder when 2/3*(-279)/r is divided by 16?
15
Let f(j) = -17*j**2 + 4*j + 6. Let x be f(-4). Let l be -4 + 1/(4/32). Calculate the remainder when x/(-7) + l/(-14) is divided by 21.
19
Suppose -4*v + 4*b + 48 = 0, -b = -13 + 12. What is the remainder when 190 is divided by v?
8
Let n(b) = 2*b**2 + 7*b + 6. Let h be (-81)/(-18)*(-4)/(-6). Suppose v + h = -2. Calculate the remainder when n(v) is divided by 6.
3
Let h(n) = -n**2 + 7*n + 26. Let x = 5 + -17. Calculate the remainder when (306/x)/((-2)/4) is divided by h(0).
25
Let l = 207 + -97. Suppose -4*z - s = 229, 0*z - 2*s - l = 2*z. Let b = -41 - z. What is the remainder when 49 is divided by b?
15
Suppose 5*s + 4*n = 26, 4*s + 2*n = -2*n + 20. What is the remainder when s is divided by 3?
0
Let c = 12 - 0. Let y(f) = -f**3 + 310*f**2 - 2 - 317*f**2 + 3*f**3 - 26*f + 0*f**3. What is the remainder when y(6) is divided by c?
10
Let s be (-5 - (-68)/20)/(2/(-80)). Suppose -34 = -y - 4*q, 2*y - 6*y + 2*q + s = 0. What is the remainder when 71 is divided by y?
17
Let o(z) = -2*z**3 + z**2 + z + 1. Let k be o(-1). Calculate the remainder when 18 is divided by ((-11)/k)/(21/(-63)).
7
Suppose 2*w - 3*r = 2, 0*w + 8 = 3*w - 2*r. What is the remainder when 345 is divided by w?
1
Suppose -408 = -4*u + 5*b, 0 = -u - 0*u + 5*b + 102. What is the remainder when u is divided by 15?
12
Suppose -2*c + 1 - 29 = 2*p, c = 2*p - 8. Let k(q) = -q**2 - 10*q + 15. Calculate the remainder when (-8)/c + 48/9 is divided by k(-11).
2
Suppose 0*y = -4*y - 2*p + 66, 91 = 4*y - 3*p. Let r(n) = -n**3 + 2*n**2 - 5*n - 4. What is the remainder when r(-3) is divided by y?
18
Suppose -4*v + 15*v - 539 = 0. Calculate the remainder when v is divided by 8.
1
Suppose -4*r = -20, -r = -f - 4*r + 23. Let k(t) = -t + 27. Let q be k(9). Suppose -q = -2*s + 28. What is the remainder when s is divided by f?
7
Let z(v) = -v - 3. Let j be z(-5). Let k(a) = -6*a + a**j - 4 + 3 - 1 - 2. Calculate the remainder when k(-7) is divided by 22.
21
Suppose -4*r + 3 = 3*i + 24, 0 = -r - 4*i - 15. What is the remainder when (-5 - r)/(62/22 + -3) is divided by 4?
3
Let f = -518 + 529. Calculate the remainder when 183 is divided by f.
7
Suppose -4*c + 519 + 185 = 0. Let d = c - 9